{"id":4758,"date":"2023-07-03T05:54:22","date_gmt":"2023-07-03T08:54:22","guid":{"rendered":"https:\/\/uanormal1-bue.infd.edu.ar\/sitio\/?page_id=4758"},"modified":"2023-07-03T16:28:06","modified_gmt":"2023-07-03T19:28:06","slug":"educacion-ambiental-integral","status":"publish","type":"page","link":"https:\/\/uanormal1-bue.infd.edu.ar\/sitio\/educacion-ambiental-integral\/","title":{"rendered":"Educaci\u00f3n Ambiental Integral"},"content":{"rendered":"\n<p class=\"has-contrast-color has-text-color has-medium-font-size\" style=\"font-style:normal;font-weight:400\">Ley de Educaci\u00f3n de la Provincia de Buenos Aires (Ley 13688)<\/p>\n\n\n\n<p class=\"has-accent-color has-text-color has-medium-font-size\" style=\"font-style:normal;font-weight:400\">Educaci\u00f3n Ambiental<\/p>\n\n\n\n<p><strong>ART\u00cdCULO 45.- <\/strong>La Educaci\u00f3n Ambiental es la modalidad de todos los Niveles Educativos responsable de aportar propuestas curriculares espec\u00edficas que articulen con la educaci\u00f3n com\u00fan y que la complementen, enriqueci\u00e9ndola, resaltando y destacando aquellos derechos, contenidos y pr\u00e1cticas acerca y en el ambiente, entendido como la resultante de interacciones entre sistemas ecol\u00f3gicos, socioecon\u00f3micos y culturales, es decir el conjunto de procesos e interrelaciones de la relaci\u00f3n entre la sociedad y la naturaleza, los conflictos y problemas socioambientales, s\u00f3lo resolubles mediante enfoques complejos y m\u00e9todos de an\u00e1lisis multidisciplinarios, privilegiando el car\u00e1cter transversal que el conocimiento debe construir.<\/p>\n\n\n\n<p class=\"has-text-color has-medium-font-size\" style=\"color:#b5031a\">Documentos<\/p>\n\n\n\n<div class=\"wp-block-columns are-vertically-aligned-top is-layout-flex wp-container-6\">\n<div class=\"wp-block-column is-vertically-aligned-top is-layout-flow\">\n<div class=\"wp-block-columns is-layout-flex wp-container-4\">\n<div class=\"wp-block-column is-layout-flow\">\n<figure class=\"wp-block-image size-full\"><a href=\"https:\/\/backend.educ.ar\/refactor_resource\/get-attachment\/49255\" target=\"_blank\" rel=\"noreferrer noopener\"><img decoding=\"async\" loading=\"lazy\" width=\"406\" height=\"563\" src=\"https:\/\/uanormal1-bue.infd.edu.ar\/sitio\/wp-content\/uploads\/2023\/07\/foto-docum-marco.png\" alt=\"\" class=\"wp-image-4759\"\/><\/a><\/figure>\n<\/div>\n\n\n\n<div class=\"wp-block-column is-layout-flow\">\n<figure class=\"wp-block-image size-full\"><a href=\"http:\/\/entrama.educacion.gob.ar\/uploads\/secundaria-para-todos\/Libro_Ambiental.pdf\" target=\"_blank\" rel=\"noreferrer noopener\"><img decoding=\"async\" loading=\"lazy\" width=\"616\" height=\"846\" src=\"https:\/\/uanormal1-bue.infd.edu.ar\/sitio\/wp-content\/uploads\/2023\/07\/foto-probl-ambienas-ambientales-1.png\" alt=\"\" class=\"wp-image-4763\"\/><\/a><\/figure>\n<\/div>\n\n\n\n<div class=\"wp-block-column is-layout-flow\">\n<figure class=\"wp-block-image size-full\"><a href=\"http:\/\/servicios.abc.gov.ar\/lainstitucion\/organismos\/Gestion_territorial\/Orientaciones_para_el_aula.pdf\"><img decoding=\"async\" loading=\"lazy\" width=\"649\" height=\"907\" src=\"https:\/\/uanormal1-bue.infd.edu.ar\/sitio\/wp-content\/uploads\/2023\/07\/orientaciones.png\" alt=\"\" class=\"wp-image-4795\"\/><\/a><\/figure>\n<\/div>\n<\/div>\n<\/div>\n<\/div>\n\n\n\n<p class=\"has-text-color has-medium-font-size\" style=\"color:#047e26\">Reflexi\u00f3n<\/p>\n\n\n\n<p><a href=\"https:\/\/www.researchgate.net\/publication\/303520866_Politicas_educativas_neoliberales_de_tercera_generacion_y_Educacion_Ambiental_1?enrichId=rgreq-ef63ffdd0a7f2a6633a581048a2728c9-XXX&amp;enrichSource=Y292ZXJQYWdlOzMwMzUyMDg2NjtBUzozNjU4MTAxNzEzMDE4ODhAMTQ2NDIyNzM0OTQyMQ%3D%3D&amp;el=1_x_2&amp;_esc=publicationCoverPdf\">Pol\u00edticas educativas neoliberales de tercera generaci\u00f3n y educaci\u00f3n ambiental (Puiggros y Sessano, 2014)<\/a><\/p>\n","protected":false},"excerpt":{"rendered":"<p>Ley de Educaci\u00f3n de la Provincia de Buenos Aires (Ley 13688) Educaci\u00f3n Ambiental ART\u00cdCULO 45.- La Educaci\u00f3n Ambiental es la modalidad de todos los Niveles Educativos responsable de aportar propuestas curriculares espec\u00edficas que articulen con la educaci\u00f3n com\u00fan y que la complementen, enriqueci\u00e9ndola, resaltando y destacando aquellos derechos, contenidos y pr\u00e1cticas acerca y en el &#8230; <a title=\"Educaci\u00f3n Ambiental Integral\" class=\"read-more\" href=\"https:\/\/uanormal1-bue.infd.edu.ar\/sitio\/educacion-ambiental-integral\/\" aria-label=\"More on Educaci\u00f3n Ambiental Integral\">[+]<\/a><\/p>\n","protected":false},"author":1244,"featured_media":0,"parent":0,"menu_order":0,"comment_status":"closed","ping_status":"closed","template":"","meta":[],"acf":[],"_links":{"self":[{"href":"https:\/\/uanormal1-bue.infd.edu.ar\/sitio\/wp-json\/wp\/v2\/pages\/4758"}],"collection":[{"href":"https:\/\/uanormal1-bue.infd.edu.ar\/sitio\/wp-json\/wp\/v2\/pages"}],"about":[{"href":"https:\/\/uanormal1-bue.infd.edu.ar\/sitio\/wp-json\/wp\/v2\/types\/page"}],"author":[{"embeddable":true,"href":"https:\/\/uanormal1-bue.infd.edu.ar\/sitio\/wp-json\/wp\/v2\/users\/1244"}],"replies":[{"embeddable":true,"href":"https:\/\/uanormal1-bue.infd.edu.ar\/sitio\/wp-json\/wp\/v2\/comments?post=4758"}],"version-history":[{"count":15,"href":"https:\/\/uanormal1-bue.infd.edu.ar\/sitio\/wp-json\/wp\/v2\/pages\/4758\/revisions"}],"predecessor-version":[{"id":4799,"href":"https:\/\/uanormal1-bue.infd.edu.ar\/sitio\/wp-json\/wp\/v2\/pages\/4758\/revisions\/4799"}],"wp:attachment":[{"href":"https:\/\/uanormal1-bue.infd.edu.ar\/sitio\/wp-json\/wp\/v2\/media?parent=4758"}],"curies":[{"name":"wp","href":"https:\/\/api.w.org\/{rel}","templated":true}]}}