{"id":3010,"date":"2021-10-15T16:45:29","date_gmt":"2021-10-15T19:45:29","guid":{"rendered":"https:\/\/uanormal1-bue.infd.edu.ar\/sitio\/?page_id=3010"},"modified":"2026-01-23T13:21:31","modified_gmt":"2026-01-23T16:21:31","slug":"ingreso-a-profesorados","status":"publish","type":"page","link":"https:\/\/uanormal1-bue.infd.edu.ar\/sitio\/ingreso-a-profesorados\/","title":{"rendered":"Inscripci\u00f3n a Profesorados 2026"},"content":{"rendered":"\n<h4 class=\"wp-block-heading has-text-align-center\">Inscripci\u00f3n abierta a partir del 23 de octubre de 2025 <\/h4>\n\n\n\n<p class=\"has-black-color has-text-color\"><\/p>\n\n\n\n<p><\/p>\n\n\n\n<p class=\"has-black-color has-text-color\">IMPORTANTE<\/p>\n\n\n\n<p class=\"has-black-color has-text-color\">Estimados;  Hemos enviado mails a todos los inscriptos, si a usted no le lleg\u00f3 la notificaci\u00f3n, concurra con la documentaci\u00f3n solicitada a partir del 12 de febrero en el turno del profesorado al que se inscribi\u00f3,(Profesorados de Ed Secundaria en F\u00edsica, Quimica, Biolog\u00eda e Historia de 18 a 20 hs- Profesorado de Nivel Primario de 13 a 17 hs),  de esta manera lograr\u00e1 su inscripci\u00f3n plena.  El proceso comienz\u00f3 con la carga de datos  en el Formulario online correspondiente, si se esta inscribiendo ahora, por favor completar formulario.<\/p>\n\n\n\n<p class=\"has-black-color has-text-color\">Concurrir con la documentaci\u00f3n listada a continuaci\u00f3n.: <\/p>\n\n\n\n<div class=\"wp-block-columns is-layout-flex wp-container-3\">\n<div class=\"wp-block-column is-layout-flow\">\n<ul>\n<li>Planilla de Inscripci\u00f3n completa (descargar en este sitio)<\/li>\n\n\n\n<li>Original y fotocopia de DNI<\/li>\n\n\n\n<li>Original y fotocopia de T\u00edtulo Secundario  ( o constancia de encontrarse en tr\u00e1mite)<\/li>\n\n\n\n<li>Foto 4&#215;4, de frente<\/li>\n<\/ul>\n<\/div>\n\n\n\n<div class=\"wp-block-column is-layout-flow\"><\/div>\n<\/div>\n\n\n\n<div class=\"wp-block-file\"><object class=\"wp-block-file__embed\" data=\"https:\/\/uanormal1-bue.infd.edu.ar\/sitio\/wp-content\/uploads\/2024\/02\/Planilla-de-inscripcion-Educacion-Superior_1.pdf\" type=\"application\/pdf\" style=\"width:100%;height:600px\" aria-label=\"Incrustado de Planilla-de-inscripcion-Educacion-Superior_1.\"><\/object><a id=\"wp-block-file--media-572ee9c3-4902-43d4-901c-c5f3a4ef76b1\" href=\"https:\/\/uanormal1-bue.infd.edu.ar\/sitio\/wp-content\/uploads\/2024\/02\/Planilla-de-inscripcion-Educacion-Superior_1.pdf\">Planilla-de-inscripcion-Educacion-Superior_1<\/a><a href=\"https:\/\/uanormal1-bue.infd.edu.ar\/sitio\/wp-content\/uploads\/2024\/02\/Planilla-de-inscripcion-Educacion-Superior_1.pdf\" class=\"wp-block-file__button wp-element-button\" download aria-describedby=\"wp-block-file--media-572ee9c3-4902-43d4-901c-c5f3a4ef76b1\">Descarga<\/a><\/div>\n\n\n\n<div style=\"height:58px\" aria-hidden=\"true\" class=\"wp-block-spacer\"><\/div>\n\n\n\n<h4 class=\"wp-block-heading has-contrast-color has-text-color\">Profesorados &nbsp;que se cursan en el ISFD 95 Normal 1<\/h4>\n\n\n\n<p>(Todos los profesorados son de 4 a\u00f1os. Modalidad presencial )<\/p>\n\n\n\n<ul class=\"has-contrast-color has-text-color has-medium-font-size\">\n<li><mark style=\"background-color:rgba(0, 0, 0, 0);color:#001ca3\" class=\"has-inline-color\"><strong>Profesorado de Educaci\u00f3n Primaria (Turno Tarde, Lunes a Viernes de 13 a 18:00 hs.)<\/strong><\/mark><\/li>\n<\/ul>\n\n\n\n<ul class=\"has-contrast-color has-text-color has-medium-font-size\">\n<li class=\"has-medium-font-size\"><mark style=\"background-color:rgba(0, 0, 0, 0);color:#001ca3\" class=\"has-inline-color\"><strong>Profesorado de Biolog\u00eda (Turno Vespertino, Lunes a Viernes de 17:30 a 22:30 hs.)<\/strong><\/mark><\/li>\n<\/ul>\n\n\n\n<ul class=\"has-contrast-color has-text-color has-medium-font-size\">\n<li><mark style=\"background-color:rgba(0, 0, 0, 0);color:#001ca3\" class=\"has-inline-color\"><strong>Profesorado de F\u00edsica (Turno Vespertino, Lunes a Viernes de 17:30 a 22:30 hs.)<\/strong><\/mark><\/li>\n<\/ul>\n\n\n\n<ul class=\"has-contrast-color has-text-color has-medium-font-size\">\n<li><mark style=\"background-color:rgba(0, 0, 0, 0);color:#001ca3\" class=\"has-inline-color\"><strong>Profesorado de Qu\u00edmica (Turno Vespertino, Lunes a Viernes de 17:30 a 22:30 hs.)<\/strong><\/mark><\/li>\n<\/ul>\n\n\n\n<ul class=\"has-contrast-color has-text-color has-medium-font-size\">\n<li><mark style=\"background-color:rgba(0, 0, 0, 0);color:#001ca3\" class=\"has-inline-color\"><strong>Profesorado de Historia (Turno Vespertino, Lunes a Viernes de 17:30 a 22:30 hs.)<\/strong><\/mark><\/li>\n<\/ul>\n\n\n\n<h4 class=\"wp-block-heading\">Perfil del Estudiante de Nivel Superior<\/h4>\n\n\n\n<p class=\"has-contrast-color has-text-color\">Quien que se inscribe en una carrera de nivel superior debe contar con:<\/p>\n\n\n\n<ul>\n<li><mark style=\"background-color:rgba(0, 0, 0, 0)\" class=\"has-inline-color has-vivid-purple-color\">Disponibilidad de tiempo para cursar materias en el horario establecido.<\/mark><\/li>\n<\/ul>\n\n\n\n<ul>\n<li><mark style=\"background-color:rgba(0, 0, 0, 0)\" class=\"has-inline-color has-vivid-purple-color\">Disponibilidad de tiempo para estudiar fuera del horario de clases.<\/mark><\/li>\n<\/ul>\n\n\n\n<ul>\n<li><mark style=\"background-color:rgba(0, 0, 0, 0)\" class=\"has-inline-color has-vivid-purple-color\">Disposici\u00f3n para la lectura y an\u00e1lisis de textos medianos y largos.<\/mark><\/li>\n<\/ul>\n\n\n\n<ul>\n<li><mark style=\"background-color:rgba(0, 0, 0, 0)\" class=\"has-inline-color has-vivid-purple-color\">Disposici\u00f3n para la elaboraci\u00f3n de textos escritos propios y en colaboraci\u00f3n.<\/mark><\/li>\n<\/ul>\n\n\n\n<ul>\n<li><mark style=\"background-color:rgba(0, 0, 0, 0)\" class=\"has-inline-color has-vivid-purple-color\">Disposici\u00f3n para integrarse en la vida de una instituci\u00f3n, conocer y adecuarse a la reglamentaci\u00f3n vigente<\/mark>.<\/li>\n<\/ul>\n\n\n\n<h4 class=\"wp-block-heading has-large-font-size\">Formularios de Pre-Inscripci\u00f3n <\/h4>\n\n\n\n<h4 class=\"wp-block-heading has-medium-font-size\"><strong>(toque o clickee para acceder)<\/strong><\/h4>\n\n\n\n<p><\/p>\n\n\n\n<p><a href=\"https:\/\/uanormal1-bue.infd.edu.ar\/sitio\/formulario-de-preinscripcion-al-profesorado-de-biologia\/\">Formulario de Preinscripci\u00f3n al Profesorado de Biolog\u00eda<\/a> (habilitado desde el 23 de octubre)<\/p>\n\n\n\n<p><a href=\"https:\/\/uanormal1-bue.infd.edu.ar\/sitio\/formulario-de-preinscripcion-al-profesorado-de-fisica\/\">Formulario de Preinscripci\u00f3n al Profesorado de F\u00edsica<\/a> (habilitado desde el 23 de octubre)<\/p>\n\n\n\n<p><a href=\"https:\/\/uanormal1-bue.infd.edu.ar\/sitio\/formulario-de-preinscripcion-al-profesorado-de-quimica\/\">Formulario de Preinscripci\u00f3n al Profesorado de Qu\u00edmica<\/a> (habilitado desde el 23 de octubre)<\/p>\n\n\n\n<p><a href=\"https:\/\/uanormal1-bue.infd.edu.ar\/sitio\/formulario-de-preinscripcion-al-profesorado-de-educacion-primaria\/\">Formulario de Preinscripci\u00f3n al Profesorado de Educaci\u00f3n Primaria<\/a> (habilitado desde el 23 de octubre)<\/p>\n\n\n\n<p><a rel=\"noreferrer noopener\" href=\"https:\/\/uanormal1-bue.infd.edu.ar\/sitio\/formulario-de-preinscripcion-al-profesorado-de-historia\/\" target=\"_blank\">Formulario de Preinscripci\u00f3n al Profesorado de Historia<\/a> (habilitado desde el 23 de octubre)<\/p>\n","protected":false},"excerpt":{"rendered":"<p>Inscripci\u00f3n abierta a partir del 23 de octubre de 2025 IMPORTANTE Estimados; Hemos enviado mails a todos los inscriptos, si a usted no le lleg\u00f3 la notificaci\u00f3n, concurra con la documentaci\u00f3n solicitada a partir del 12 de febrero en el turno del profesorado al que se inscribi\u00f3,(Profesorados de Ed Secundaria en F\u00edsica, Quimica, Biolog\u00eda e &#8230; <a title=\"Inscripci\u00f3n a Profesorados 2026\" class=\"read-more\" href=\"https:\/\/uanormal1-bue.infd.edu.ar\/sitio\/ingreso-a-profesorados\/\" aria-label=\"More on Inscripci\u00f3n a Profesorados 2026\">[+]<\/a><\/p>\n","protected":false},"author":1244,"featured_media":0,"parent":0,"menu_order":0,"comment_status":"closed","ping_status":"closed","template":"","meta":[],"acf":[],"_links":{"self":[{"href":"https:\/\/uanormal1-bue.infd.edu.ar\/sitio\/wp-json\/wp\/v2\/pages\/3010"}],"collection":[{"href":"https:\/\/uanormal1-bue.infd.edu.ar\/sitio\/wp-json\/wp\/v2\/pages"}],"about":[{"href":"https:\/\/uanormal1-bue.infd.edu.ar\/sitio\/wp-json\/wp\/v2\/types\/page"}],"author":[{"embeddable":true,"href":"https:\/\/uanormal1-bue.infd.edu.ar\/sitio\/wp-json\/wp\/v2\/users\/1244"}],"replies":[{"embeddable":true,"href":"https:\/\/uanormal1-bue.infd.edu.ar\/sitio\/wp-json\/wp\/v2\/comments?post=3010"}],"version-history":[{"count":58,"href":"https:\/\/uanormal1-bue.infd.edu.ar\/sitio\/wp-json\/wp\/v2\/pages\/3010\/revisions"}],"predecessor-version":[{"id":6218,"href":"https:\/\/uanormal1-bue.infd.edu.ar\/sitio\/wp-json\/wp\/v2\/pages\/3010\/revisions\/6218"}],"wp:attachment":[{"href":"https:\/\/uanormal1-bue.infd.edu.ar\/sitio\/wp-json\/wp\/v2\/media?parent=3010"}],"curies":[{"name":"wp","href":"https:\/\/api.w.org\/{rel}","templated":true}]}}