{"id":2655,"date":"2021-03-31T06:49:14","date_gmt":"2021-03-31T09:49:14","guid":{"rendered":"https:\/\/uanormal1-bue.infd.edu.ar\/sitio\/?page_id=2655"},"modified":"2021-03-31T18:45:19","modified_gmt":"2021-03-31T21:45:19","slug":"memoria-institucional","status":"publish","type":"page","link":"https:\/\/uanormal1-bue.infd.edu.ar\/sitio\/memoria-institucional\/","title":{"rendered":"Memoria Institucional"},"content":{"rendered":"<p>Lunes 29 de Marzo de 2021<\/p>\n<p><strong>Colocaci\u00f3n de Mosaico conmemorativo del D\u00eda de la Memoria, la Verdad y la Justicia.<\/strong><\/p>\n<p>La inquietud fue presentada por estudiantes del Nivel Secundario.<\/p>\n<p>El descubrimiento del mosaico fue acompa\u00f1ado por palabras del Vicedirector de la Unidad Acad\u00e9mica, Prof. Jos\u00e9 Luis Alessandrini y Valentina Lugli, estudiante.<\/p>\n<p><img decoding=\"async\" loading=\"lazy\" class=\"alignnone wp-image-2674\" src=\"https:\/\/uanormal1-bue.infd.edu.ar\/sitio\/wp-content\/uploads\/2021\/03\/Mosaico5-1000x733.jpeg\" alt=\"\" width=\"433\" height=\"317\" srcset=\"https:\/\/uanormal1-bue.infd.edu.ar\/sitio\/wp-content\/uploads\/2021\/03\/Mosaico5-1000x733.jpeg 1000w, https:\/\/uanormal1-bue.infd.edu.ar\/sitio\/wp-content\/uploads\/2021\/03\/Mosaico5-768x563.jpeg 768w, https:\/\/uanormal1-bue.infd.edu.ar\/sitio\/wp-content\/uploads\/2021\/03\/Mosaico5.jpeg 1280w\" sizes=\"(max-width: 433px) 100vw, 433px\" \/><\/p>\n<p><a href=\"https:\/\/uanormal1-bue.infd.edu.ar\/sitio\/memoria-institucional\/panuelo-4\/#main\" rel=\"attachment wp-att-2656\"><img decoding=\"async\" loading=\"lazy\" class=\"alignnone wp-image-2656\" src=\"https:\/\/uanormal1-bue.infd.edu.ar\/sitio\/wp-content\/uploads\/2021\/03\/Pa\u00f1uelo-4-750x1000.jpeg\" alt=\"\" width=\"433\" height=\"577\" srcset=\"https:\/\/uanormal1-bue.infd.edu.ar\/sitio\/wp-content\/uploads\/2021\/03\/Pa\u00f1uelo-4-750x1000.jpeg 750w, https:\/\/uanormal1-bue.infd.edu.ar\/sitio\/wp-content\/uploads\/2021\/03\/Pa\u00f1uelo-4-768x1024.jpeg 768w, https:\/\/uanormal1-bue.infd.edu.ar\/sitio\/wp-content\/uploads\/2021\/03\/Pa\u00f1uelo-4.jpeg 960w\" sizes=\"(max-width: 433px) 100vw, 433px\" \/><\/a>\u00a0 <a href=\"https:\/\/uanormal1-bue.infd.edu.ar\/sitio\/memoria-institucional\/panuelo-2\/#main\" rel=\"attachment wp-att-2658\"><img decoding=\"async\" loading=\"lazy\" class=\"alignnone wp-image-2658\" src=\"https:\/\/uanormal1-bue.infd.edu.ar\/sitio\/wp-content\/uploads\/2021\/03\/Pa\u00f1uelo-2-1000x750.jpeg\" alt=\"\" width=\"432\" height=\"324\" srcset=\"https:\/\/uanormal1-bue.infd.edu.ar\/sitio\/wp-content\/uploads\/2021\/03\/Pa\u00f1uelo-2-1000x750.jpeg 1000w, https:\/\/uanormal1-bue.infd.edu.ar\/sitio\/wp-content\/uploads\/2021\/03\/Pa\u00f1uelo-2-768x576.jpeg 768w, https:\/\/uanormal1-bue.infd.edu.ar\/sitio\/wp-content\/uploads\/2021\/03\/Pa\u00f1uelo-2.jpeg 1280w\" sizes=\"(max-width: 432px) 100vw, 432px\" \/><\/a><\/p>\n<p>&nbsp;<\/p>\n<p>31 de marzo de 2021<\/p>\n<p><strong>Plantar Memoria<\/strong><\/p>\n<p>Estudiantes y directivos del Nivel Secundario plantan un \u00e1rbol uni\u00e9ndose a la propuesta Plantar Memoria difundida como gesto ciudadano para el D\u00eda de la Memoria, la Verdad y la Justicia.<\/p>\n<p><img decoding=\"async\" loading=\"lazy\" class=\"alignnone wp-image-2672\" src=\"https:\/\/uanormal1-bue.infd.edu.ar\/sitio\/wp-content\/uploads\/2021\/03\/arbol1-750x1000.jpeg\" alt=\"\" width=\"443\" height=\"590\" srcset=\"https:\/\/uanormal1-bue.infd.edu.ar\/sitio\/wp-content\/uploads\/2021\/03\/arbol1-750x1000.jpeg 750w, https:\/\/uanormal1-bue.infd.edu.ar\/sitio\/wp-content\/uploads\/2021\/03\/arbol1-768x1024.jpeg 768w, https:\/\/uanormal1-bue.infd.edu.ar\/sitio\/wp-content\/uploads\/2021\/03\/arbol1.jpeg 774w\" sizes=\"(max-width: 443px) 100vw, 443px\" \/><img decoding=\"async\" loading=\"lazy\" class=\"alignnone wp-image-2670\" src=\"https:\/\/uanormal1-bue.infd.edu.ar\/sitio\/wp-content\/uploads\/2021\/03\/arbol3-1000x750.jpeg\" alt=\"\" width=\"444\" height=\"333\" srcset=\"https:\/\/uanormal1-bue.infd.edu.ar\/sitio\/wp-content\/uploads\/2021\/03\/arbol3-1000x750.jpeg 1000w, https:\/\/uanormal1-bue.infd.edu.ar\/sitio\/wp-content\/uploads\/2021\/03\/arbol3-768x576.jpeg 768w, https:\/\/uanormal1-bue.infd.edu.ar\/sitio\/wp-content\/uploads\/2021\/03\/arbol3.jpeg 1032w\" sizes=\"(max-width: 444px) 100vw, 444px\" \/> <img decoding=\"async\" loading=\"lazy\" class=\"alignnone wp-image-2671\" src=\"https:\/\/uanormal1-bue.infd.edu.ar\/sitio\/wp-content\/uploads\/2021\/03\/arbol2-1000x750.jpeg\" alt=\"\" width=\"444\" height=\"333\" srcset=\"https:\/\/uanormal1-bue.infd.edu.ar\/sitio\/wp-content\/uploads\/2021\/03\/arbol2-1000x750.jpeg 1000w, https:\/\/uanormal1-bue.infd.edu.ar\/sitio\/wp-content\/uploads\/2021\/03\/arbol2-768x576.jpeg 768w, https:\/\/uanormal1-bue.infd.edu.ar\/sitio\/wp-content\/uploads\/2021\/03\/arbol2.jpeg 1032w\" sizes=\"(max-width: 444px) 100vw, 444px\" \/><img decoding=\"async\" loading=\"lazy\" class=\"alignnone  wp-image-2676\" src=\"https:\/\/uanormal1-bue.infd.edu.ar\/sitio\/wp-content\/uploads\/2021\/03\/Arbol4-716x1000.jpeg\" alt=\"\" width=\"443\" height=\"619\" srcset=\"https:\/\/uanormal1-bue.infd.edu.ar\/sitio\/wp-content\/uploads\/2021\/03\/Arbol4-716x1000.jpeg 716w, https:\/\/uanormal1-bue.infd.edu.ar\/sitio\/wp-content\/uploads\/2021\/03\/Arbol4-768x1073.jpeg 768w, https:\/\/uanormal1-bue.infd.edu.ar\/sitio\/wp-content\/uploads\/2021\/03\/Arbol4.jpeg 916w\" sizes=\"(max-width: 443px) 100vw, 443px\" \/><\/p>\n","protected":false},"excerpt":{"rendered":"<p>Lunes 29 de Marzo de 2021 Colocaci\u00f3n de Mosaico conmemorativo del D\u00eda de la Memoria, la Verdad y la Justicia. La inquietud fue presentada por estudiantes del Nivel Secundario. El descubrimiento del mosaico fue acompa\u00f1ado por palabras del Vicedirector de la Unidad Acad\u00e9mica, Prof. Jos\u00e9 Luis Alessandrini y Valentina Lugli, estudiante. \u00a0 &nbsp; 31 de &#8230; <a title=\"Memoria Institucional\" class=\"read-more\" href=\"https:\/\/uanormal1-bue.infd.edu.ar\/sitio\/memoria-institucional\/\" aria-label=\"More on Memoria Institucional\">[+]<\/a><\/p>\n","protected":false},"author":1244,"featured_media":0,"parent":0,"menu_order":0,"comment_status":"closed","ping_status":"closed","template":"","meta":[],"acf":[],"_links":{"self":[{"href":"https:\/\/uanormal1-bue.infd.edu.ar\/sitio\/wp-json\/wp\/v2\/pages\/2655"}],"collection":[{"href":"https:\/\/uanormal1-bue.infd.edu.ar\/sitio\/wp-json\/wp\/v2\/pages"}],"about":[{"href":"https:\/\/uanormal1-bue.infd.edu.ar\/sitio\/wp-json\/wp\/v2\/types\/page"}],"author":[{"embeddable":true,"href":"https:\/\/uanormal1-bue.infd.edu.ar\/sitio\/wp-json\/wp\/v2\/users\/1244"}],"replies":[{"embeddable":true,"href":"https:\/\/uanormal1-bue.infd.edu.ar\/sitio\/wp-json\/wp\/v2\/comments?post=2655"}],"version-history":[{"count":7,"href":"https:\/\/uanormal1-bue.infd.edu.ar\/sitio\/wp-json\/wp\/v2\/pages\/2655\/revisions"}],"predecessor-version":[{"id":2677,"href":"https:\/\/uanormal1-bue.infd.edu.ar\/sitio\/wp-json\/wp\/v2\/pages\/2655\/revisions\/2677"}],"wp:attachment":[{"href":"https:\/\/uanormal1-bue.infd.edu.ar\/sitio\/wp-json\/wp\/v2\/media?parent=2655"}],"curies":[{"name":"wp","href":"https:\/\/api.w.org\/{rel}","templated":true}]}}