{"id":1850,"date":"2020-02-13T14:12:04","date_gmt":"2020-02-13T17:12:04","guid":{"rendered":"https:\/\/uanormal1-bue.infd.edu.ar\/sitio\/?page_id=1850"},"modified":"2020-02-13T14:12:04","modified_gmt":"2020-02-13T17:12:04","slug":"despedida-prof-alessi-cristina","status":"publish","type":"page","link":"https:\/\/uanormal1-bue.infd.edu.ar\/sitio\/despedida-prof-alessi-cristina\/","title":{"rendered":"Despedida Prof ALESSI Cristina"},"content":{"rendered":"<h4>La Comunidad Educativa de La Escuela Normal Superior N\u00b0 1 \u00abMary O. Graham\u00bb comunica\u00a0 que el d\u00eda 20\/01\/2020, falleci\u00f3 en la Ciudad de La Plata, la Profesora <em>ALESSI Maria Cristina<\/em>; Docente de \u00e9sta Instituci\u00f3n.<\/h4>\n<h4>La Profesora ALESSI, comenz\u00f3 su\u00a0desempe\u00f1o como Educadora en nuestra Escuela, el 20\/08\/1992; adem\u00e1s de dar C\u00e1tedra de Historia y Educaci\u00f3n C\u00edvica tambi\u00e9n se desempe\u00f1\u00f3 como Jefa del Departamento de Ciencias Sociales desde 1995 hasta el a\u00f1o 2009.<\/h4>\n<h4>Fue como docente, y especialmente como persona, alguien ejemplar a quien sus colegas apreciaban, respetaban y requer\u00edan constantemente, porque sab\u00edan que de ella pod\u00edan obtener cordiales consejos y palabras de aliento, motiv\u00e1ndolos a la superaci\u00f3n como Profesores. Era de esas Docentes a quienes sus Alumnos valoraban, distingu\u00edan y quer\u00edan; porque su Don de gente la hac\u00eda entra\u00f1able y sumamente valorable, adem\u00e1s de reconocerle su erudici\u00f3n, conocimiento y apasionamiento en el momento de dar clase.<\/h4>\n<h4>Una gran p\u00e9rdida para nuestra Escuela.<\/h4>\n<h4>Cristina, gracias por todo lo que nos brindaste desinteresadamente; quienes tuvieron la fortuna de conocerte dentro de la Comunidad Educativa del Normal 1, siempre te recordar\u00e1n con una sonrisa.<\/h4>\n","protected":false},"excerpt":{"rendered":"<p>La Comunidad Educativa de La Escuela Normal Superior N\u00b0 1 \u00abMary O. Graham\u00bb comunica\u00a0 que el d\u00eda 20\/01\/2020, falleci\u00f3 en la Ciudad de La Plata, la Profesora ALESSI Maria Cristina; Docente de \u00e9sta Instituci\u00f3n. La Profesora ALESSI, comenz\u00f3 su\u00a0desempe\u00f1o como Educadora en nuestra Escuela, el 20\/08\/1992; adem\u00e1s de dar C\u00e1tedra de Historia y Educaci\u00f3n C\u00edvica &#8230; <a title=\"Despedida Prof ALESSI Cristina\" class=\"read-more\" href=\"https:\/\/uanormal1-bue.infd.edu.ar\/sitio\/despedida-prof-alessi-cristina\/\" aria-label=\"More on Despedida Prof ALESSI Cristina\">[+]<\/a><\/p>\n","protected":false},"author":3399,"featured_media":0,"parent":0,"menu_order":0,"comment_status":"closed","ping_status":"closed","template":"","meta":[],"acf":[],"_links":{"self":[{"href":"https:\/\/uanormal1-bue.infd.edu.ar\/sitio\/wp-json\/wp\/v2\/pages\/1850"}],"collection":[{"href":"https:\/\/uanormal1-bue.infd.edu.ar\/sitio\/wp-json\/wp\/v2\/pages"}],"about":[{"href":"https:\/\/uanormal1-bue.infd.edu.ar\/sitio\/wp-json\/wp\/v2\/types\/page"}],"author":[{"embeddable":true,"href":"https:\/\/uanormal1-bue.infd.edu.ar\/sitio\/wp-json\/wp\/v2\/users\/3399"}],"replies":[{"embeddable":true,"href":"https:\/\/uanormal1-bue.infd.edu.ar\/sitio\/wp-json\/wp\/v2\/comments?post=1850"}],"version-history":[{"count":1,"href":"https:\/\/uanormal1-bue.infd.edu.ar\/sitio\/wp-json\/wp\/v2\/pages\/1850\/revisions"}],"predecessor-version":[{"id":1851,"href":"https:\/\/uanormal1-bue.infd.edu.ar\/sitio\/wp-json\/wp\/v2\/pages\/1850\/revisions\/1851"}],"wp:attachment":[{"href":"https:\/\/uanormal1-bue.infd.edu.ar\/sitio\/wp-json\/wp\/v2\/media?parent=1850"}],"curies":[{"name":"wp","href":"https:\/\/api.w.org\/{rel}","templated":true}]}}