{"id":1107,"date":"2018-07-02T18:47:00","date_gmt":"2018-07-02T21:47:00","guid":{"rendered":"https:\/\/uanormal1-bue.infd.edu.ar\/sitio\/normativa-y-formularios\/"},"modified":"2025-09-01T08:08:19","modified_gmt":"2025-09-01T11:08:19","slug":"normativa-y-formularios","status":"publish","type":"page","link":"https:\/\/uanormal1-bue.infd.edu.ar\/sitio\/normativa-y-formularios\/","title":{"rendered":"Normativa y formularios"},"content":{"rendered":"\n<h4 class=\"wp-block-heading\"><span style=\"color: #339966;\">Estudiantes: <\/span><\/h4>\n\n\n\n<p><a href=\"https:\/\/drive.google.com\/file\/d\/1N0wGw2h-6Qqx8caj5u7gbUCHD9wa-pxz\/view?usp=sharing\" target=\"_blank\" rel=\"noreferrer noopener\">Certificado de T\u00edtulo en Tr\u00e1mite<\/a><\/p>\n\n\n\n<p><a rel=\"noopener\" href=\"https:\/\/docs.google.com\/document\/d\/1LR0zFi-nRNM7NJwiubRC6yAj38w1uNAmEXcgYx8S9uE\/edit?usp=sharing\" target=\"_blank\">Planilla de solicitud de ingreso por pase de otro ISFD<\/a><\/p>\n\n\n\n<p><a href=\"https:\/\/docs.google.com\/document\/d\/105nWZYQ9wdPMQuFDYQt2nVDMeEJSafr5\/edit?usp=sharing&amp;ouid=104158127025542744319&amp;rtpof=true&amp;sd=true\">Solicitud de equivalencia &#8211; Por asignatura<\/a><\/p>\n\n\n\n<p><a href=\"https:\/\/docs.google.com\/document\/d\/118Zyno9GwsBYuI2ZC9HgTshcRgUDWCpE\/edit?usp=sharing&amp;ouid=104158127025542744319&amp;rtpof=true&amp;sd=true\">Solicitud de equivalencias &#8211; Resumen<\/a><\/p>\n\n\n\n<p><a rel=\"noopener\" href=\"https:\/\/www.argentina.gob.ar\/normativa\/nacional\/ley-25273-63777\/texto\" target=\"_blank\"><span style=\"font-family: arial, sans-serif;\">R\u00e9gimen especial de inasistencias justificadas por r<\/span>azones de gravidez<\/a><\/p>\n\n\n\n<div class=\"wp-block-file\"><object class=\"wp-block-file__embed\" data=\"https:\/\/uanormal1-bue.infd.edu.ar\/sitio\/wp-content\/uploads\/2025\/09\/Seguro-Escolar-2025.pdf\" type=\"application\/pdf\" style=\"width:100%;height:620px\" aria-label=\"Incrustado de Seguro-Escolar-2025.\"><\/object><a id=\"wp-block-file--media-f9ec68c8-996a-48a8-a89e-fc6722a37a00\" href=\"https:\/\/uanormal1-bue.infd.edu.ar\/sitio\/wp-content\/uploads\/2025\/09\/Seguro-Escolar-2025.pdf\">Seguro-Escolar-2025<\/a><a href=\"https:\/\/uanormal1-bue.infd.edu.ar\/sitio\/wp-content\/uploads\/2025\/09\/Seguro-Escolar-2025.pdf\" class=\"wp-block-file__button wp-element-button\" download aria-describedby=\"wp-block-file--media-f9ec68c8-996a-48a8-a89e-fc6722a37a00\">Descarga<\/a><\/div>\n\n\n\n<p><\/p>\n\n\n\n<p><span style=\"font-size: 18pt; color: #4eb1a9;\"><strong><span style=\"font-family: arial,helvetica,sans-serif;\">Normativa y formularios<br><\/span><\/strong><\/span><a href=\"https:\/\/drive.google.com\/file\/d\/1QBwUJUrknu15C--Ksy5sI0_N23Dg1K0L\/view\">R\u00e9gimen Acad\u00e9mico Instituciona<\/a><a data-wplink-edit=\"true\" href=\"_wp_link_placeholder\">l <\/a><\/p>\n\n\n\n<p><span style=\"font-family: arial,helvetica,sans-serif; font-size: 12pt;\"><a href=\"https:\/\/drive.google.com\/open?id=0B287bZ4Mjd4OUHpoOGJJQmN5ZVk\" target=\"_blank\" rel=\"noopener\">Ley de Educaci\u00f3n Nacional<\/a><\/span><\/p>\n\n\n\n<p><span style=\"font-family: arial,helvetica,sans-serif; font-size: 12pt;\"><a href=\"https:\/\/drive.google.com\/open?id=0B287bZ4Mjd4Ocm5Tem0tMHBtbDg\" target=\"_blank\" rel=\"noopener\">Ley Provincial de Educaci\u00f3n N\u00b0 13.688<\/a><\/span><\/p>\n\n\n\n<p class=\"has-text-align-left\"><a href=\"https:\/\/drive.google.com\/open?id=1GuJpVy_--oMEgfFjWSPK1563L90B4X_F349NeQMzTdw\" target=\"_blank\" rel=\"noopener\"><span style=\"font-family: arial,helvetica,sans-serif; font-size: 12pt;\"><span style=\"font-family: arial,helvetica,sans-serif; font-size: 12pt;\">Ley de Educaci\u00f3n Super<\/span>ior N\u00b0 24.521<\/span><\/a><\/p>\n\n\n\n<p><span style=\"font-family: arial,helvetica,sans-serif; font-size: 12pt;\"><a href=\"https:\/\/drive.google.com\/open?id=118d3vwjtmK8kcQu1cXYLoc50vjdegRC8rP7alh94JdQ\" target=\"_blank\" rel=\"noopener\">Resoluci\u00f3n N\u00b0 4042\/09 Estatuto del Consejo Provincial de Educaci\u00f3n Superior<\/a><\/span><\/p>\n\n\n\n<p><span style=\"font-family: arial,helvetica,sans-serif; font-size: 12pt;\"><a href=\"https:\/\/drive.google.com\/open?id=1CslbQD4gnJJhHyA2yHTuGHy-CKRxuaT-LyE-KoideSo\" target=\"_blank\" rel=\"noopener\">Resoluci\u00f3n N\u00b0 4043\/09 R\u00e9gimen Acad\u00e9mico Marco<\/a><\/span><\/p>\n\n\n\n<p><span style=\"font-family: arial,helvetica,sans-serif; font-size: 12pt;\"><a href=\"https:\/\/drive.google.com\/open?id=0B287bZ4Mjd4OSVp5TVVQRjZUeFE\" target=\"_blank\" rel=\"noopener\">Resoluci\u00f3n N\u00b0 4044\/09 Consejos Acad\u00e9micos Institucionales<\/a><\/span><\/p>\n\n\n\n<p><a href=\"https:\/\/drive.google.com\/open?id=1BoC3OZ_xu4ltby0JJELLZFLYe4BVllDspSeDAmx2l-8\" target=\"_blank\" rel=\"noopener\"><span style=\"font-family: arial,helvetica,sans-serif; font-size: 12pt;\">Decreto N\u00b0 2299\/11 Reglamento General de las Instituciones Educativas de La Provincia de Buenos Aires<\/span><\/a><\/p>\n\n\n\n<p><a href=\"https:\/\/drive.google.com\/open?id=1JG-WvBARr56z0FrYHZ87FiH8xZpxIALj2wZf_41GcPg\"><span style=\"font-family: arial,helvetica,sans-serif; font-size: 12pt;\">Resoluci\u00f3n N\u00b0 2947\/05 Unidades Acad\u00e9micas<\/span><\/a><\/p>\n\n\n\n<p><span style=\"font-family: arial,helvetica,sans-serif; font-size: 12pt;\"><a href=\"https:\/\/drive.google.com\/open?id=0B287bZ4Mjd4Oa2dFcEcySnBHVUE\" target=\"_blank\" rel=\"noopener\">Resoluci\u00f3n N\u00b0 2383\/05 Reglamento de Institutos Superiores<\/a>&nbsp;<\/span><\/p>\n\n\n\n<p><a href=\"https:\/\/drive.google.com\/open?id=0B287bZ4Mjd4OQ2JocWJkMDAydlk\" target=\"_blank\" rel=\"noopener\"><span style=\"font-family: arial,helvetica,sans-serif; font-size: 12pt;\">Gu\u00eda de orientaci\u00f3n para la intervenci\u00f3n en situaciones conflictivas y de vulnerabilidad de derechos en el escenario escolar.<\/span><\/a><\/p>\n\n\n\n<p><span style=\"font-family: arial,helvetica,sans-serif; font-size: 12pt;\"><span style=\"font-family: arial,helvetica,sans-serif; font-size: 12pt;\"><a href=\"https:\/\/drive.google.com\/open?id=0B287bZ4Mjd4OT0lienU0N1RxVUU\" target=\"_blank\" rel=\"noopener\">Resoluci\u00f3n N\u00b0 530\/16 Salidas Educativas y de Representaci\u00f3n Institucional<\/a><\/span><\/span><\/p>\n\n\n\n<p><span style=\"font-family: arial,helvetica,sans-serif; font-size: 12pt;\"><span style=\"font-family: arial,helvetica,sans-serif; font-size: 12pt;\"><a href=\"https:\/\/drive.google.com\/open?id=0B287bZ4Mjd4OOGNCRlExOFpTUnM\" target=\"_blank\" rel=\"noopener\">Resoluci\u00f3n N\u00b0 943\/14 Salidas Educativas<\/a> <\/span><\/span><\/p>\n\n\n\n<p><a href=\"https:\/\/drive.google.com\/open?id=0B287bZ4Mjd4ORnd3b2YwcDd5RDA\" target=\"_blank\" rel=\"noopener\"><span style=\"font-family: arial,helvetica,sans-serif; font-size: 12pt;\"><span style=\"font-family: arial,helvetica,sans-serif; font-size: 12pt;\">R\u00e9gimen Acad\u00e9mico Nivel Primario<\/span><\/span><\/a><\/p>\n\n\n\n<p><span style=\"font-family: arial,helvetica,sans-serif; font-size: 12pt;\"><span style=\"font-family: arial,helvetica,sans-serif; font-size: 12pt;\"><a href=\"https:\/\/drive.google.com\/open?id=0B287bZ4Mjd4OemMtNGNEbk9RUU0\" target=\"_blank\" rel=\"noopener\">Resoluci\u00f3n 3121\/04 Ayudante de C\u00e1tedra<\/a> <\/span><\/span><\/p>\n\n\n\n<p><span style=\"font-family: arial,helvetica,sans-serif; font-size: 12pt;\"><span style=\"font-family: arial,helvetica,sans-serif; font-size: 12pt;\"><a href=\"https:\/\/drive.google.com\/open?id=19GDYHfQpAE2pLIbNral7qJzqt_gRXtmv_rNopjLTiJQ\" target=\"_blank\" rel=\"noopener\">Resoluci\u00f3n 4900\/05 Centro de Estudiantes<\/a><br><\/span><\/span><\/p>\n\n\n\n<p><span style=\"font-family: arial,helvetica,sans-serif; font-size: 12pt;\"><span style=\"font-size: 18pt; color: #4eb1a9;\"><strong><span style=\"font-family: arial,helvetica,sans-serif;\">Docentes:<br><\/span><\/strong><\/span><\/span><\/p>\n\n\n\n<p><span style=\"font-family: arial,helvetica,sans-serif; font-size: 12pt;\">Resoluci\u00f3n N\u00b0 5886\/03 Cobertura de m\u00f3dulos u horas c\u00e1tedras.<\/span><\/p>\n\n\n\n<figure class=\"wp-block-embed\"><div class=\"wp-block-embed__wrapper\">\nhttps:\/\/drive.google.com\/open?id=0B287bZ4Mjd4OdHcxdjFzMGg5aHM\n<\/div><\/figure>\n\n\n\n<p><a href=\"https:\/\/drive.google.com\/open?id=1hUwhxtkhrFn8UoFt1tsxaKeYJljvxkGeFTuaRbw5C3s\">Disposici\u00f3n N\u00b0 30\/05: Proyectos de C\u00e1tedra en Superior<\/a><\/p>\n\n\n\n<p><span style=\"font-family: arial,helvetica,sans-serif; font-size: 12pt;\">Renuncia a m\u00f3dulos\/horas c\u00e1tedra provisionales o suplentes<\/span><\/p>\n\n\n\n<figure class=\"wp-block-embed\"><div class=\"wp-block-embed__wrapper\">\nhttps:\/\/drive.google.com\/open?id=0B287bZ4Mjd4OdTRDMFZlZVNqSlk\n<\/div><\/figure>\n\n\n\n<p><span style=\"font-family: arial,helvetica,sans-serif; font-size: 12pt;\">Solicitud de licencia por art\u00edculos 114\u00b0 y 115\u00b0 Decreto 2140\/90<\/span><\/p>\n\n\n\n<figure class=\"wp-block-embed\"><div class=\"wp-block-embed__wrapper\">\nhttps:\/\/drive.google.com\/open?id=0B287bZ4Mjd4OVVh0VTZtenRPcjg\n<\/div><\/figure>\n\n\n\n<p><span style=\"font-family: arial,helvetica,sans-serif; font-size: 12pt;\">Solicitud de licencia por art\u00edculo 115\u00b0 inc. 1. Dec. 688\/93<\/span><\/p>\n\n\n\n<figure class=\"wp-block-embed\"><div class=\"wp-block-embed__wrapper\">\nhttps:\/\/drive.google.com\/open?id=0B287bZ4Mjd4OUF9jcG0yekZfZFE\n<\/div><\/figure>\n\n\n\n<p><span style=\"font-family: arial,helvetica,sans-serif; font-size: 12pt;\">Solicitud de licencia para ex\u00e1menes m\u00e9dicos preventivos<\/span><\/p>\n\n\n\n<figure class=\"wp-block-embed\"><div class=\"wp-block-embed__wrapper\">\nhttps:\/\/drive.google.com\/open?id=0B287bZ4Mjd4ONnNXQlB6SlhjYjg\n<\/div><\/figure>\n\n\n\n<p><span style=\"font-family: arial,helvetica,sans-serif; font-size: 12pt;\">Formulario para afiliados obligatorios IOMA<\/span><\/p>\n\n\n\n<figure class=\"wp-block-embed\"><div class=\"wp-block-embed__wrapper\">\nhttps:\/\/drive.google.com\/open?id=0B287bZ4Mjd4ON0pNWWRTb1YxU3M\n<\/div><\/figure>\n\n\n\n<p><span style=\"font-family: arial,helvetica,sans-serif; font-size: 12pt;\">SET 4 Formulario de calificaci\u00f3n docente<\/span><\/p>\n\n\n\n<figure class=\"wp-block-embed\"><div class=\"wp-block-embed__wrapper\">\nhttps:\/\/drive.google.com\/open?id=1hPM4pS02V9kBV4mzG_E5CPX7Rw8FTa8Jiy97DmUwJxc\n<\/div><\/figure>\n\n\n\n<p><span style=\"font-family: arial,helvetica,sans-serif; font-size: 12pt;\">Planila de datos personales para legajo<br><\/span><\/p>\n\n\n\n<figure class=\"wp-block-embed\"><div class=\"wp-block-embed__wrapper\">\nhttps:\/\/drive.google.com\/open?id=1J99ilqOgp2m9y-gbOxlWc7NPNmGNZ_jG84bpx6FSnv4\n<\/div><\/figure>\n\n\n\n<p><a rel=\"noopener\" href=\"https:\/\/www.argentina.gob.ar\/normativa\/nacional\/ley-25273-63777\/texto\" target=\"_blank\"><span style=\"font-family: arial, sans-serif;\"><\/span><\/a><\/p>\n","protected":false},"excerpt":{"rendered":"<p>Estudiantes: Certificado de T\u00edtulo en Tr\u00e1mite Planilla de solicitud de ingreso por pase de otro ISFD Solicitud de equivalencia &#8211; Por asignatura Solicitud de equivalencias &#8211; Resumen R\u00e9gimen especial de inasistencias justificadas por razones de gravidez Normativa y formulariosR\u00e9gimen Acad\u00e9mico Institucional Ley de Educaci\u00f3n Nacional Ley Provincial de Educaci\u00f3n N\u00b0 13.688 Ley de Educaci\u00f3n Superior &#8230; <a title=\"Normativa y formularios\" class=\"read-more\" href=\"https:\/\/uanormal1-bue.infd.edu.ar\/sitio\/normativa-y-formularios\/\" aria-label=\"More on Normativa y formularios\">[+]<\/a><\/p>\n","protected":false},"author":681,"featured_media":0,"parent":0,"menu_order":0,"comment_status":"closed","ping_status":"closed","template":"","meta":[],"acf":[],"_links":{"self":[{"href":"https:\/\/uanormal1-bue.infd.edu.ar\/sitio\/wp-json\/wp\/v2\/pages\/1107"}],"collection":[{"href":"https:\/\/uanormal1-bue.infd.edu.ar\/sitio\/wp-json\/wp\/v2\/pages"}],"about":[{"href":"https:\/\/uanormal1-bue.infd.edu.ar\/sitio\/wp-json\/wp\/v2\/types\/page"}],"author":[{"embeddable":true,"href":"https:\/\/uanormal1-bue.infd.edu.ar\/sitio\/wp-json\/wp\/v2\/users\/681"}],"replies":[{"embeddable":true,"href":"https:\/\/uanormal1-bue.infd.edu.ar\/sitio\/wp-json\/wp\/v2\/comments?post=1107"}],"version-history":[{"count":23,"href":"https:\/\/uanormal1-bue.infd.edu.ar\/sitio\/wp-json\/wp\/v2\/pages\/1107\/revisions"}],"predecessor-version":[{"id":5990,"href":"https:\/\/uanormal1-bue.infd.edu.ar\/sitio\/wp-json\/wp\/v2\/pages\/1107\/revisions\/5990"}],"wp:attachment":[{"href":"https:\/\/uanormal1-bue.infd.edu.ar\/sitio\/wp-json\/wp\/v2\/media?parent=1107"}],"curies":[{"name":"wp","href":"https:\/\/api.w.org\/{rel}","templated":true}]}}