{"id":1073,"date":"2018-07-02T18:46:47","date_gmt":"2018-07-02T21:46:47","guid":{"rendered":"https:\/\/uanormal1-bue.infd.edu.ar\/sitio\/historia-2\/"},"modified":"2020-12-26T12:46:22","modified_gmt":"2020-12-26T15:46:22","slug":"historia-2","status":"publish","type":"page","link":"https:\/\/uanormal1-bue.infd.edu.ar\/sitio\/historia-2\/","title":{"rendered":"Historia"},"content":{"rendered":"<p style=\"margin: 0cm 0cm 0pt;\"><span lang=\"ES-TRAD\"><span style=\"font-size: 18pt;\"><span style=\"font-family: arial,helvetica,sans-serif;\"><span style=\"font-size: 18pt; font-family: arial,helvetica,sans-serif; color: #4cb2ae;\"><strong>Historia del Instituto<\/strong><\/span><\/span><\/span><\/span><\/p>\n<p style=\"margin: 0cm 0cm 0pt;\"><span lang=\"ES-TRAD\"><span style=\"font-size: 18pt;\"><span style=\"font-family: arial,helvetica,sans-serif;\"><img decoding=\"async\" loading=\"lazy\" style=\"vertical-align: middle;\" src=\"https:\/\/uanormal1-bue.infd.edu.ar\/sitio\/wp-content\/uploads\/2018\/07\/historia.jpg\" width=\"548\" height=\"612\" border=\"0\" \/><\/span><\/span><\/span><\/p>\n<p class=\"MsoNormal\" style=\"margin: 0cm 0cm 0pt; text-align: justify;\"><span lang=\"ES-TRAD\" style=\"font-size: 16pt; font-family: arial,helvetica,sans-serif;\"><span style=\"font-size: 12pt;\"><span style=\"font-size: 10pt;\"><span style=\"font-size: 18pt; color: #56a997;\"><strong>Historia del Instituto<\/strong><\/span><br \/>\n<\/span><\/span><\/span><\/p>\n<p class=\"MsoNormal\" style=\"margin: 0cm 0cm 0pt; line-height: 150%; text-align: justify;\"><span lang=\"ES-TRAD\" style=\"font-size: 12pt; color: #000000; line-height: 150%; font-family: arial,helvetica,sans-serif;\">El 13 de Agosto de 1888\u00a0 abre sus puertas la primera escuela Normal de La Plata cuya organizaci\u00f3n y direcci\u00f3n, fue encomendada por Domingo F. Sarmiento a Mis Mary\u00a0 Olstine Graham, maestra norteamericana que lleg\u00f3 al pa\u00eds en 1879. La escuela funcion\u00f3 en un primer momento en el edificio de Dg. 79 entre 4 y 5 que era propiedad del estado y que mucho despu\u00e9s fue cedido a la UNLP para ser ocupado por el Liceo de Se\u00f1oritas \u201cVictor Mercante\u201d.<\/span><\/p>\n<p class=\"MsoNormal\" style=\"margin: 0cm 0cm 0pt; line-height: 150%; text-align: justify;\"><span style=\"font-size: 12pt; color: #000000;\">\u00a0<\/span><\/p>\n<p class=\"MsoNormal\" style=\"margin: 0cm 0cm 0pt; line-height: 150%; text-align: justify;\"><span lang=\"ES-TRAD\" style=\"font-size: 12pt; color: #000000; line-height: 150%; font-family: arial,helvetica,sans-serif;\">El 13 de agosto de 1888 se iniciaron las clases con 293 alumnos de 1\u00ba a 6\u00ba grado y ya en 1891 egresaron las primeras 8 (ocho) maestras formadas en La Plata y para La Plata. Desde entonces y en forma ininterrumpida fueron egresando promociones de maestros formados con diferentes proyectos y nominaciones de t\u00edtulos pero con una misma idea rectora: \u201cLA FORMACI\u00d3N DE FORMADORES\u00bb.<\/span><\/p>\n<p class=\"MsoNormal\" style=\"margin: 0cm 0cm 0pt; line-height: 150%; text-align: justify;\"><span style=\"font-size: 12pt; color: #000000;\">\u00a0<\/span><\/p>\n<p class=\"MsoNormal\" style=\"margin: 0cm 0cm 0pt; line-height: 150%; text-align: justify;\"><span lang=\"ES-TRAD\" style=\"font-size: 12pt; color: #000000; line-height: 150%; font-family: arial,helvetica,sans-serif;\">En 1923 se coloc\u00f3 la piedra fundamental del actual edificio en la manzana que limitan las calles\u00a0 50-51-14 y 15 que fue inaugurado en 1932. Su proyecto y construcci\u00f3n le ha permitido por su solidez superar los embates del tiempo\u00a0\u00a0\u00a0 y por su dise\u00f1o readecuarse a los avances tecnol\u00f3gicos y cambios de los sistemas educativos nacional y despu\u00e9s de la transferencia del servicio Provincial.<\/span><\/p>\n<p class=\"MsoNormal\" style=\"margin: 0cm 0cm 0pt; line-height: 150%; text-align: justify;\"><span style=\"font-size: 12pt; color: #000000;\">\u00a0<\/span><\/p>\n<p class=\"MsoNormal\" style=\"margin: 0cm 0cm 0pt; line-height: 150%; text-align: justify;\"><span lang=\"ES-TRAD\" style=\"font-size: 12pt; color: #000000; line-height: 150%; font-family: arial,helvetica,sans-serif;\">La referida transferencia efectivizada el 1\u00ba de enero de 1994 fue ampliamente discutida y rechazada por la comunidad educativa sobre todo por el intento de desarticular su proyecto pedag\u00f3gico dividiendo al servicio en cuatro escuelas. Ello sin duda por no contar la Direcci\u00f3n General de Escuelas con el organismo capaz de absorber a las Escuelas Normales transferidas a la Provincia de Buenos Aires.<\/span><\/p>\n<p class=\"MsoNormal\" style=\"margin: 0cm 0cm 0pt; line-height: 150%; text-align: justify;\"><span style=\"font-size: 12pt; color: #000000;\">\u00a0<\/span><\/p>\n<p style=\"text-align: justify;\"><span lang=\"ES-TRAD\" style=\"font-size: 12pt; color: #000000; line-height: 150%; font-family: arial,helvetica,sans-serif;\">Reci\u00e9n en octubre de 1996 con la circular 003 se vislumbra un primer esbozo de mantener la estructura fundacional, pero despu\u00e9s de arduas gestiones reci\u00e9n el 31 de agosto de 2001 se dicta la resoluci\u00f3n 3759 que reconoce a las Escuelas Normales como UNIDADES ACAD\u00c9MICAS\u00a0 y las define como:<\/span><\/p>\n<p class=\"MsoNormal\" style=\"margin: 0cm 0cm 0pt; line-height: 150%; text-align: justify;\"><span style=\"font-family: arial,helvetica,sans-serif; font-size: 12pt; color: #000000;\"><strong><span lang=\"ES-TRAD\" style=\"line-height: 150%;\">\u00abUn servicio educativo dependiente de la Educaci\u00f3n Superior, y que constituye una unidad administrativa, t\u00e9cnica y pedag\u00f3gica, integrada por diferentes niveles de ense\u00f1anza, cuyos docentes tienen dependencia a los escalafones de los niveles en los que desempa\u00f1an tareas\u00bb.<\/span><\/strong><\/span><\/p>\n<p>&nbsp;<\/p>\n<p style=\"text-align: justify;\"><span lang=\"ES-TRAD\" style=\"font-size: 12pt; color: #000000; line-height: 150%; font-family: arial,helvetica,sans-serif;\">Mantienen su organizaci\u00f3n original, se les reconoce la estructura jer\u00e1rquica interna de sus cargos directivos y se valida su autonom\u00eda institucional para la elaboraci\u00f3n de un proyecto pedag\u00f3gico \u00fanico articulado de los cuatro niveles educativos que conforman la Unidad Acad\u00e9mica.<\/span><\/p>\n<p style=\"text-align: justify;\"><span lang=\"ES-TRAD\" style=\"font-size: 12pt; color: #000000; line-height: 150%; font-family: arial,helvetica,sans-serif;\">El 7 de julio de 2005 la Direcci\u00f3n General de Escuelas dicta la resoluci\u00f3n 2947\/05\u00a0 que el ministro Mario Oporto\u00a0 da a conocer en septiembre\u00a0 en la Escuela Normal de Mercedes. En ella se reafirma la estructura de la Escuela Normales Transferidas como Unidades Acad\u00e9micas, se establece la forma de Gobierno Institucional, las misiones y funciones del Consejo Consultivo y la Supervisi\u00f3n \u00fanica.<\/span><\/p>\n","protected":false},"excerpt":{"rendered":"<p>Historia del Instituto Historia del Instituto El 13 de Agosto de 1888\u00a0 abre sus puertas la primera escuela Normal de La Plata cuya organizaci\u00f3n y direcci\u00f3n, fue encomendada por Domingo F. Sarmiento a Mis Mary\u00a0 Olstine Graham, maestra norteamericana que lleg\u00f3 al pa\u00eds en 1879. La escuela funcion\u00f3 en un primer momento en el edificio &#8230; <a title=\"Historia\" class=\"read-more\" href=\"https:\/\/uanormal1-bue.infd.edu.ar\/sitio\/historia-2\/\" aria-label=\"More on Historia\">[+]<\/a><\/p>\n","protected":false},"author":681,"featured_media":0,"parent":0,"menu_order":0,"comment_status":"closed","ping_status":"closed","template":"","meta":[],"acf":[],"_links":{"self":[{"href":"https:\/\/uanormal1-bue.infd.edu.ar\/sitio\/wp-json\/wp\/v2\/pages\/1073"}],"collection":[{"href":"https:\/\/uanormal1-bue.infd.edu.ar\/sitio\/wp-json\/wp\/v2\/pages"}],"about":[{"href":"https:\/\/uanormal1-bue.infd.edu.ar\/sitio\/wp-json\/wp\/v2\/types\/page"}],"author":[{"embeddable":true,"href":"https:\/\/uanormal1-bue.infd.edu.ar\/sitio\/wp-json\/wp\/v2\/users\/681"}],"replies":[{"embeddable":true,"href":"https:\/\/uanormal1-bue.infd.edu.ar\/sitio\/wp-json\/wp\/v2\/comments?post=1073"}],"version-history":[{"count":4,"href":"https:\/\/uanormal1-bue.infd.edu.ar\/sitio\/wp-json\/wp\/v2\/pages\/1073\/revisions"}],"predecessor-version":[{"id":2482,"href":"https:\/\/uanormal1-bue.infd.edu.ar\/sitio\/wp-json\/wp\/v2\/pages\/1073\/revisions\/2482"}],"wp:attachment":[{"href":"https:\/\/uanormal1-bue.infd.edu.ar\/sitio\/wp-json\/wp\/v2\/media?parent=1073"}],"curies":[{"name":"wp","href":"https:\/\/api.w.org\/{rel}","templated":true}]}}