{"id":1041,"date":"2018-07-02T18:46:34","date_gmt":"2018-07-02T21:46:34","guid":{"rendered":"https:\/\/uanormal1-bue.infd.edu.ar\/sitio\/profesorado-de-historia\/"},"modified":"2024-10-28T15:50:41","modified_gmt":"2024-10-28T18:50:41","slug":"profesorado-de-historia","status":"publish","type":"page","link":"https:\/\/uanormal1-bue.infd.edu.ar\/sitio\/profesorado-de-historia\/","title":{"rendered":"Profesorado de Historia"},"content":{"rendered":"\n<figure class=\"wp-block-image\"><img decoding=\"async\" src=\"https:\/\/uanormal1-bue.infd.edu.ar\/sitio\/wp-content\/uploads\/2018\/07\/hist.jpg\" alt=\"\"\/><\/figure>\n\n\n\n<p class=\"has-text-align-center\"><span style=\"font-family: verdana,geneva;\"><span style=\"font-size: 10pt;\"><strong><\/strong><\/span><\/span><\/p>\n\n\n\n<p class=\"has-text-align-center\"><span style=\"font-family: arial,helvetica,sans-serif; font-size: 18pt; color: #4bb3ab;\"><strong>Profesorado de Historia<span style=\"text-decoration: underline;\"><br><\/span><\/strong><\/span><\/p>\n\n\n\n<p class=\"has-text-align-center\"><span style=\"font-family: arial,helvetica,sans-serif; font-size: 18pt; color: #4bb3ab;\"><strong>\u00a0<\/strong><strong>Resoluci\u00f3n 3609\/22<\/strong><\/span><\/p>\n\n\n\n<p class=\"has-text-align-center\"><span style=\"font-family: arial,helvetica,sans-serif; color: #3e3e3e; font-size: 12pt;\"><strong>Duraci\u00f3n:<\/strong> 4 a\u00f1os<\/span><\/p>\n\n\n\n<p class=\"has-text-align-center\"><span style=\"font-family: arial,helvetica,sans-serif; color: #3e3e3e; font-size: 12pt;\"><strong>Turno vespertino:<\/strong> 17.30 a 22:30hs<\/span><span style=\"font-family: arial,helvetica,sans-serif; color: #3e3e3e; font-size: 12pt;\">&nbsp;<\/span><\/p>\n\n\n\n<p class=\"has-text-align-center\"><a href=\"https:\/\/abc.gob.ar\/secretarias\/sites\/default\/files\/2024-03\/Historia_0.pdf\">Acceso a dise\u00f1o curricul<\/a><a data-wplink-edit=\"true\" href=\"_wp_link_placeholder\">ar<\/a><\/p>\n\n\n\n<p class=\"has-text-align-center\"><span style=\"font-family: arial,helvetica,sans-serif; color: #3e3e3e; font-size: 12pt;\">&#8212;&#8212;&#8212;&#8212;&#8212;&#8212;&#8212;&#8212;&#8212;&#8212;&#8212;&#8212;&#8212;&#8212;&#8211;<\/span><\/p>\n\n\n\n<p><span style=\"font-family: arial,helvetica,sans-serif; font-size: 12pt;\">La ense\u00f1anza de la Historia procur\u00e1 el desarrollo de herramientas conceptuales, anal\u00edticas y pr\u00e1cticas que posibiliten al alumno la comprensi\u00f3n de la realidad social inmediata y mediata, tanto en lo relativo a la estructura espacial y los fen\u00f3menos que le han dado lugar cuanto a las relaciones entre el presente y la interpretaci\u00f3n del pasado.<\/span><\/p>\n\n\n\n<p><span style=\"font-family: arial,helvetica,sans-serif; font-size: 12pt;\">La Historia ha sufrido, en tanto disciplina, profundos y complejos cambios&nbsp; en la \u00faltima mitad del siglo. Por una parte, una apertura al an\u00e1lisis de la totalidad de los fen\u00f3menos sociales ha superado los tradicionales marcos pol\u00edticos, militares y diplom\u00e1ticos; por otra parte, la expansi\u00f3n de la revoluci\u00f3n cient\u00edfico-tecnol\u00f3gica ha generado una nueva organizaci\u00f3n del territorio y del sistema de relaciones internacionales y ha modificado la valoraci\u00f3n de los recursos y del ambiente.<\/span><\/p>\n\n\n\n<p><span style=\"font-family: arial,helvetica,sans-serif; font-size: 12pt;\">Todo ello ha determinado variaciones sustanciales en la concepci\u00f3n de los objetos de estudio, los enfoques y la metodolog\u00eda de estas disciplinas.<\/span><\/p>\n\n\n\n<p><span style=\"font-family: arial,helvetica,sans-serif; font-size: 12pt;\">La renovaci\u00f3n historiogr\u00e1fica ha rescatado como rasgos predominantes de la realidad hist\u00f3rica la complejidad, el conflicto, el cambio, la permanencia.<\/span><\/p>\n\n\n\n<p><span style=\"font-family: arial,helvetica,sans-serif; font-size: 12pt;\">El sujeto de la historia se identifica con los hombres y mujeres concretos que desarrollan sus acciones en diferentes planos y dimensiones: econ\u00f3mico, social, pol\u00edtico y cultural.<\/span><\/p>\n\n\n\n<p><span style=\"font-family: arial,helvetica,sans-serif; font-size: 12pt;\">Mediante la conjunci\u00f3n de los conocimientos particulares de la disciplina, los de la formaci\u00f3n pedag\u00f3gica y los de la formaci\u00f3n especializada, los futuros docentes de Historia conocer\u00e1n distintos modelos de ense\u00f1anza, identificar\u00e1n las concepciones sobre la ciencia, el aprendizaje y la ense\u00f1anza escolar que subyacen en los mismos, organizar\u00e1n secuencias de contenidos y actividades, seleccionar\u00e1n recursos y estrategias de evaluaci\u00f3n y dise\u00f1ar\u00e1n acciones apropiadas para la articulaci\u00f3n interdisciplinaria y el tratamiento de temas transversales.<\/span><\/p>\n\n\n\n<p class=\"has-text-align-left\"><span style=\"font-size: 10pt;\">&nbsp;<\/span><\/p>\n","protected":false},"excerpt":{"rendered":"<p>Profesorado de Historia \u00a0Resoluci\u00f3n 3609\/22 Duraci\u00f3n: 4 a\u00f1os Turno vespertino: 17.30 a 22:30hs&nbsp; Acceso a dise\u00f1o curricular &#8212;&#8212;&#8212;&#8212;&#8212;&#8212;&#8212;&#8212;&#8212;&#8212;&#8212;&#8212;&#8212;&#8212;&#8211; La ense\u00f1anza de la Historia procur\u00e1 el desarrollo de herramientas conceptuales, anal\u00edticas y pr\u00e1cticas que posibiliten al alumno la comprensi\u00f3n de la realidad social inmediata y mediata, tanto en lo relativo a la estructura espacial y los &#8230; <a title=\"Profesorado de Historia\" class=\"read-more\" href=\"https:\/\/uanormal1-bue.infd.edu.ar\/sitio\/profesorado-de-historia\/\" aria-label=\"More on Profesorado de Historia\">[+]<\/a><\/p>\n","protected":false},"author":681,"featured_media":0,"parent":0,"menu_order":0,"comment_status":"closed","ping_status":"closed","template":"","meta":[],"acf":[],"_links":{"self":[{"href":"https:\/\/uanormal1-bue.infd.edu.ar\/sitio\/wp-json\/wp\/v2\/pages\/1041"}],"collection":[{"href":"https:\/\/uanormal1-bue.infd.edu.ar\/sitio\/wp-json\/wp\/v2\/pages"}],"about":[{"href":"https:\/\/uanormal1-bue.infd.edu.ar\/sitio\/wp-json\/wp\/v2\/types\/page"}],"author":[{"embeddable":true,"href":"https:\/\/uanormal1-bue.infd.edu.ar\/sitio\/wp-json\/wp\/v2\/users\/681"}],"replies":[{"embeddable":true,"href":"https:\/\/uanormal1-bue.infd.edu.ar\/sitio\/wp-json\/wp\/v2\/comments?post=1041"}],"version-history":[{"count":8,"href":"https:\/\/uanormal1-bue.infd.edu.ar\/sitio\/wp-json\/wp\/v2\/pages\/1041\/revisions"}],"predecessor-version":[{"id":5527,"href":"https:\/\/uanormal1-bue.infd.edu.ar\/sitio\/wp-json\/wp\/v2\/pages\/1041\/revisions\/5527"}],"wp:attachment":[{"href":"https:\/\/uanormal1-bue.infd.edu.ar\/sitio\/wp-json\/wp\/v2\/media?parent=1041"}],"curies":[{"name":"wp","href":"https:\/\/api.w.org\/{rel}","templated":true}]}}